
Is 155712611 a prime number?
True
Is 2331961 a prime number?
False
Is 42494143 a composite number?
True
Is 3369227 a composite number?
False
Is 18751319 a composite number?
True
Is 1131653 prime?
True
Is 97907093 a composite number?
True
Is 31000379 a prime number?
False
Is 11509567 prime?
True
Is 16379413 prime?
False
Is 346696223 a prime number?
False
Is 643619 composite?
False
Is 1915622 a composite number?
True
Is 41944849 composite?
False
Is 23918369 composite?
False
Is 1087798709 a prime number?
True
Is 12543145 a composite number?
True
Is 20150357 a prime number?
False
Is 79048753 prime?
False
Is 7537627 a composite number?
True
Is 677309 composite?
False
Is 258610721 a prime number?
True
Is 14640869 prime?
True
Is 6134057 prime?
False
Is 26835761 prime?
False
Is 199979833 composite?
False
Is 33020717 a composite number?
False
Is 44573887 a composite number?
False
Is 30865687 a composite number?
False
Is 1187547 composite?
True
Is 3418337 prime?
False
Is 319744991 composite?
True
Is 30695941 a composite number?
True
Is 2709283 prime?
True
Is 5785895 composite?
True
Is 3960329 a composite number?
False
Is 210338549 a composite number?
False
Is 763517 prime?
False
Is 11593 a prime number?
True
Is 42029051 composite?
False
Is 36049957 composite?
True
Is 1121841199 a prime number?
True
Is 3951218 a composite number?
True
Is 22062902 a prime number?
False
Is 825489013 a prime number?
False
Is 191752651 prime?
False
Is 10986461 a composite number?
True
Is 2422289 composite?
False
Is 908071 a prime number?
True
Is 22079131 composite?
False
Is 215083573 a prime number?
True
Is 1983091 composite?
True
Is 3412469 prime?
True
Is 22482881 prime?
True
Is 63367669 prime?
True
Is 9013799 a prime number?
False
Is 2073317 composite?
False
Is 3497917 composite?
True
Is 289807873 prime?
True
Is 873335143 composite?
False
Is 7960261 a composite number?
False
Is 5869427 a composite number?
False
Is 157759309 a prime number?
False
Is 426013 a composite number?
True
Is 88067189 a prime number?
False
Is 67000217 prime?
True
Is 108538723 composite?
True
Is 270038261 prime?
True
Is 564127 composite?
False
Is 1684041 prime?
False
Is 596663299 a prime number?
True
Is 116240869 prime?
False
Is 12044297 a composite number?
False
Is 9586913 prime?
False
Is 1753361 a prime number?
False
Is 618509 a prime number?
True
Is 2166581 a composite number?
False
Is 230200103 prime?
False
Is 468359 a composite number?
False
Is 119573033 prime?
True
Is 40195 composite?
True
Is 20400301 a prime number?
True
Is 541129 a prime number?
True
Is 117661 a prime number?
False
Is 3118265 a composite number?
True
Is 431234 prime?
False
Is 5657647 a prime number?
False
Is 2027011 prime?
False
Is 70924037 composite?
False
Is 1786207 prime?
False
Is 397798 a prime number?
False
Is 1815427 composite?
False
Is 30086417 a prime number?
False
Is 104878407 a prime number?
False
Is 1613737 prime?
False
Is 10583329 a composite number?
False
Is 9235869 composite?
True
Is 4843957 a prime number?
False
Is 2674913 composite?
False
Is 6926687 composite?
False
Is 86109419 composite?
True
Is 6229211 a prime number?
False
Is 78140473 composite?
False
Is 201604807 composite?
False
Is 96467 composite?
True
Is 4588907 composite?
True
Is 135497591 composite?
True
Is 45792887 prime?
False
Is 10169867 composite?
False
Is 184820173 a prime number?
True
Is 746065709 prime?
True
Is 1664219 a composite number?
True
Is 5985674 a prime number?
False
Is 559453 composite?
True
Is 130944017 a prime number?
True
Is 14866769 a composite number?
True
Is 335039311 a prime number?
True
Is 760447 a prime number?
True
Is 4351391 prime?
False
Is 27221219 a composite number?
False
Is 14467153 prime?
False
Is 19122067 prime?
False
Is 18373633 a composite number?
True
Is 49952611 composite?
False
Is 7229839 composite?
True
Is 71161843 prime?
True
Is 78508849 prime?
True
Is 334582529 a prime number?
False
Is 4342007 a prime number?
True
Is 8531407 composite?
False
Is 158369417 a prime number?
False
Is 146120309 composite?
True
Is 5010857 a composite number?
True
Is 298079882 composite?
True
Is 15666073 prime?
True
Is 3833561 composite?
True
Is 3969733 composite?
False
Is 3035647 prime?
True
Is 2270923 composite?
True
Is 2344751 prime?
True
Is 3932633 a composite number?
False
Is 824227 a prime number?
True
Is 1858009 a prime number?
False
Is 54854113 a prime number?
True
Is 103416953 a prime number?
True
Is 76838638 a composite number?
True
Is 28720949 a composite number?
False
Is 10251809 a composite number?
True
Is 1350967 composite?
True
Is 31344457 a prime number?
True
Is 516587 prime?
True
Is 73536299 composite?
False
Is 46864003 composite?
False
Is 593521 a composite number?
True
Is 1131937 a prime number?
True
Is 7439227 a composite number?
True
Is 156270289 a composite number?
True
Is 6159983 composite?
False
Is 1727813 prime?
True
Is 886891 composite?
False
Is 728389 prime?
False
Is 561175207 a prime number?
True
Is 19452949 a composite number?
True
Is 30905331 a composite number?
True
Is 445814147 a composite number?
True
Is 172132901 a composite number?
False
Is 2839079 prime?
False
Is 36128831 a prime number?
False
Is 16944013 prime?
False
Is 117749183 prime?
False
Is 1678442 composite?
True
Is 89867231 a composite number?
False
Is 34409327 a composite number?
True
Is 12121661 a prime number?
True
Is 1794427 composite?
False
Is 489451 composite?
True
Is 178167979 composite?
True
Is 15400337 a prime number?
True
Is 664409 a composite number?
True
Is 1031477269 a composite number?
True
Is 6415939 prime?
False
Is 208200817 prime?
False
Is 150128257 prime?
False
Is 397329793 prime?
False
Is 245589473 composite?
False
Is 826411721 a prime number?
True
Is 841369 prime?
True
Is 26074703 a prime number?
False
Is 110572949 prime?
True
Is 14335809 a prime number?
False
Is 6442313 a composite number?
True
Is 449291 composite?
True
Is 152777 a prime number?
True
Is 68135293 a composite number?
False
Is 680831 a prime number?
True
Is 366787 a composite number?
False
Is 10457871 composite?
True
Is 157472647 a prime number?
False
Is 85409759 a prime number?
True
Is 3827893 a composite number?
False
Is 6573623 prime?
False
Is 279541 composite?
False
Is 84171493 a prime number?
False
Is 109647997 prime?
True
Is 2150411 a composite number?
False
Is 17611663 a prime number?
True
Is 146853673 composite?
True
Is 9469181 a composite number?
False
Is 3642377 composite?
False
Is 885797 a prime number?
False
Is 31489051 a composite number?
True
Is 44467343 composite?
True
Is 296015381 composite?
False
Is 243973729 prime?
False
Is 2249537 a prime number?
True
Is 11085433 a prime number?
True
Is 37915327 a prime number?
True
Is 60702337 a composite number?
False
Is 759624473 composite?
True
Is 18047069 a prime number?
True
Is 65753 prime?
False
Is 8357779 a composite number?
True
Is 25726523 a prime number?
False
Is 140797 a composite number?
False
Is 8649038 a prime number?
False
Is 60356341 a composite number?
True
Is 13712627 prime?
True
Is 14181047 a prime number?
True
Is 29243677 a composite number?
False
Is 1734827 a prime number?
True
Is 29643569 composite?
False
Is 40935553 prime?
False
Is 115395391 prime?
True
Is 9874633 composite?
False
Is 32438057 a prime number?
False
Is 476464189 composite?
False
Is 65145823 a prime number?
False
Is 652874 prime?
False
Is 59485541 a prime number?
False
Is 23418589 composite?
False
Is 4792519 a prime number?
True
Is 1584571 a prime number?
True
Is 36117919 a prime number?
False
Is 797119 prime?
True
Is 10296467 prime?
False
Is 2415359 prime?
True
Is 1463533 composite?
True
Is 196312507 composite?
True
Is 175828267 a prime number?
True
Is 165133 prime?
True
Is 3000509 a prime number?
False
Is 17403319 composite?
False
Is 14918303 composite?
False
Is 2172494 a composite number?
True
Is 15273211 a composite number?
True
Is 933509 composite?
True
Is 127901069 a prime number?
True
Is 5330749 a composite number?
False
Is 2973763 a composite number?
True
Is 232043 prime?
False
Is 7177531 a prime number?
True
Is 2830433 a composite number?
False
Is 42297329 a composite number?
False
Is 26395969 composite?
False
Is 11633821 composite?
True
Is 78898783 composite?
False
Is 979180549 a composite number?
Fals